{"id":448,"date":"2025-10-24T08:07:37","date_gmt":"2025-10-24T07:07:37","guid":{"rendered":"https:\/\/www.bridgepointtranslations.com\/?page_id=448"},"modified":"2025-11-18T09:20:39","modified_gmt":"2025-11-18T09:20:39","slug":"kontaktiere-de","status":"publish","type":"page","link":"https:\/\/www.bridgepointtranslations.com\/?page_id=448","title":{"rendered":"Kontaktiere uns"},"content":{"rendered":"\n<h3 class=\"wp-block-heading has-text-align-center\">Wir w\u00fcrden uns freuen, von Ihnen zu h\u00f6ren!<\/h3>\n\n\n\n<p class=\"wp-block-paragraph\">Ganz gleich, ob Sie eine allgemeine Frage zu unseren Dienstleistungen haben oder ein \u00dcbersetzungsangebot ben\u00f6tigen \u2013 Sie k\u00f6nnen uns jederzeit gerne kontaktieren.<\/p>\n\n\n\n<p class=\"wp-block-paragraph\">Wenn Sie ein Angebot f\u00fcr ein bestimmtes Dokument anfordern m\u00f6chten, geben Sie bitte so viele Details wie m\u00f6glich an, zum Beispiel:<\/p>\n\n\n\n<ul class=\"wp-block-list\">\n<li>Die Art des Dokuments (z. B. medizinisch, technisch, juristisch usw.)<\/li>\n\n\n\n<li>Die Anzahl der zu \u00fcbersetzenden Seiten<\/li>\n\n\n\n<li>Das Format (z. B. PDF, Word) und die gew\u00fcnschte Zielsprache<\/li>\n<\/ul>\n\n\n\n<p class=\"wp-block-paragraph\">Sie k\u00f6nnen au\u00dferdem unseren sicheren Datei-Upload nutzen, um Ihr Dokument direkt f\u00fcr ein Angebot hochzuladen.Seien Sie unbesorgt: Alle Dateien werden mit h\u00f6chster Vertraulichkeit und Sicherheit behandelt.Originale werden nach Abschluss Ihres Projekts dauerhaft gel\u00f6scht \u2013 oder sofort, falls Sie sich gegen eine Zusammenarbeit entscheiden. Wir bewahren Ihre Dokumente niemals l\u00e4nger auf, als unbedingt erforderlich.<\/p>\n\n\n\n<p class=\"wp-block-paragraph\">Bitte beachten Sie: Wenn Ihr Dokument nicht f\u00fcr unseren Standard-Upload geeignet ist, stellen wir Ihnen gerne ein sicheres, vollst\u00e4ndig verschl\u00fcsseltes pers\u00f6nliches Upload-Portal zur Verf\u00fcgung. Wir senden Ihnen einen privaten Link, \u00fcber den Sie Ihre Dateien ganz einfach per Drag-and-drop hochladen k\u00f6nnen \u2013 kontaktieren Sie uns einfach f\u00fcr den Zugang.<\/p>\n\n\n\n<p class=\"has-text-align-center wp-block-paragraph\">Kontaktformular<\/p>\n\n\n\n<div style=\"height:12px\" aria-hidden=\"true\" class=\"wp-block-spacer\"><\/div>\n\n\n\n<div class=\"wpcf7 no-js\" id=\"wpcf7-f457-o1\" lang=\"en-GB\" dir=\"ltr\" data-wpcf7-id=\"457\">\n<div class=\"screen-reader-response\"><p role=\"status\" aria-live=\"polite\" aria-atomic=\"true\"><\/p> <ul><\/ul><\/div>\n<form action=\"\/index.php?rest_route=%2Fwp%2Fv2%2Fpages%2F448#wpcf7-f457-o1\" method=\"post\" class=\"wpcf7-form init\" aria-label=\"Contact form\" enctype=\"multipart\/form-data\" novalidate=\"novalidate\" data-status=\"init\">\n<fieldset class=\"hidden-fields-container\"><input type=\"hidden\" name=\"_wpcf7\" value=\"457\" \/><input type=\"hidden\" name=\"_wpcf7_version\" value=\"6.1.4\" \/><input type=\"hidden\" name=\"_wpcf7_locale\" value=\"en_GB\" \/><input type=\"hidden\" name=\"_wpcf7_unit_tag\" value=\"wpcf7-f457-o1\" \/><input type=\"hidden\" name=\"_wpcf7_container_post\" value=\"0\" \/><input type=\"hidden\" name=\"_wpcf7_posted_data_hash\" value=\"\" \/><input type=\"hidden\" name=\"_wpcf7_recaptcha_response\" value=\"\" \/>\n<\/fieldset>\n<p><label> Ihr Name<br \/>\n<span class=\"wpcf7-form-control-wrap\" data-name=\"your-name\"><input size=\"40\" maxlength=\"400\" class=\"wpcf7-form-control wpcf7-text wpcf7-validates-as-required\" autocomplete=\"name\" aria-required=\"true\" aria-invalid=\"false\" value=\"\" type=\"text\" name=\"your-name\" \/><\/span> <\/label>\n<\/p>\n<p><label> E-Mail-Adresse<br \/>\n<span class=\"wpcf7-form-control-wrap\" data-name=\"your-email\"><input size=\"40\" maxlength=\"400\" class=\"wpcf7-form-control wpcf7-email wpcf7-validates-as-required wpcf7-text wpcf7-validates-as-email\" autocomplete=\"email\" aria-required=\"true\" aria-invalid=\"false\" value=\"\" type=\"email\" name=\"your-email\" \/><\/span> <\/label>\n<\/p>\n<p><label> Firmenname (falls zutreffend)<br \/>\n<span class=\"wpcf7-form-control-wrap\" data-name=\"your-company\"><input size=\"40\" maxlength=\"400\" class=\"wpcf7-form-control wpcf7-text\" aria-invalid=\"false\" value=\"\" type=\"text\" name=\"your-company\" \/><\/span><br \/>\n<\/label>\n<\/p>\n<p><label>Betreff<br \/>\n<span class=\"wpcf7-form-control-wrap\" data-name=\"your-subject\"><input size=\"40\" maxlength=\"400\" class=\"wpcf7-form-control wpcf7-text wpcf7-validates-as-required\" aria-required=\"true\" aria-invalid=\"false\" value=\"\" type=\"text\" name=\"your-subject\" \/><\/span> <\/label>\n<\/p>\n<p><label> Ihre Nachricht<br \/>\n<span class=\"wpcf7-form-control-wrap\" data-name=\"your-message\"><textarea cols=\"40\" rows=\"10\" maxlength=\"2000\" class=\"wpcf7-form-control wpcf7-textarea\" aria-invalid=\"false\" name=\"your-message\"><\/textarea><\/span> <\/label>\n<\/p>\n<p><label> Datei hochladen (optional: DOC, DOCX, ODT, PDF only, max 5MB)<br \/>\n<span class=\"wpcf7-form-control-wrap\" data-name=\"your-file\"><input size=\"40\" class=\"wpcf7-form-control wpcf7-file\" accept=\".doc,.docx,.odt,.pdf\" aria-invalid=\"false\" type=\"file\" name=\"your-file\" \/><\/span><br \/>\n<\/label>\n<\/p>\n<p><input class=\"wpcf7-form-control wpcf7-submit has-spinner\" type=\"submit\" value=\"Senden\" \/>\n<\/p><div class=\"wpcf7-response-output\" aria-hidden=\"true\"><\/div>\n<\/form>\n<\/div>\n\n","protected":false},"excerpt":{"rendered":"<p>Wir w\u00fcrden uns freuen, von Ihnen zu h\u00f6ren! Ganz gleich, ob Sie eine allgemeine Frage zu unseren Dienstleistungen haben oder ein \u00dcbersetzungsangebot ben\u00f6tigen \u2013 Sie k\u00f6nnen uns jederzeit gerne kontaktieren. Wenn Sie ein Angebot f\u00fcr ein bestimmtes Dokument anfordern m\u00f6chten, geben Sie bitte so viele Details wie m\u00f6glich an, zum Beispiel: Sie k\u00f6nnen au\u00dferdem unseren sicheren Datei-Upload nutzen, um Ihr Dokument direkt f\u00fcr ein Angebot hochzuladen.Seien Sie unbesorgt: Alle Dateien werden mit h\u00f6chster Vertraulichkeit und Sicherheit behandelt.Originale werden nach Abschluss Ihres Projekts dauerhaft gel\u00f6scht \u2013 oder sofort, falls Sie sich gegen eine Zusammenarbeit entscheiden. Wir bewahren Ihre Dokumente niemals l\u00e4nger auf, [&hellip;]<\/p>\n","protected":false},"author":1,"featured_media":0,"parent":0,"menu_order":0,"comment_status":"closed","ping_status":"closed","template":"deu-page","meta":{"_crdt_document":"","footnotes":""},"class_list":["post-448","page","type-page","status-publish","hentry"],"_links":{"self":[{"href":"https:\/\/www.bridgepointtranslations.com\/index.php?rest_route=\/wp\/v2\/pages\/448","targetHints":{"allow":["GET"]}}],"collection":[{"href":"https:\/\/www.bridgepointtranslations.com\/index.php?rest_route=\/wp\/v2\/pages"}],"about":[{"href":"https:\/\/www.bridgepointtranslations.com\/index.php?rest_route=\/wp\/v2\/types\/page"}],"author":[{"embeddable":true,"href":"https:\/\/www.bridgepointtranslations.com\/index.php?rest_route=\/wp\/v2\/users\/1"}],"replies":[{"embeddable":true,"href":"https:\/\/www.bridgepointtranslations.com\/index.php?rest_route=%2Fwp%2Fv2%2Fcomments&post=448"}],"version-history":[{"count":3,"href":"https:\/\/www.bridgepointtranslations.com\/index.php?rest_route=\/wp\/v2\/pages\/448\/revisions"}],"predecessor-version":[{"id":724,"href":"https:\/\/www.bridgepointtranslations.com\/index.php?rest_route=\/wp\/v2\/pages\/448\/revisions\/724"}],"wp:attachment":[{"href":"https:\/\/www.bridgepointtranslations.com\/index.php?rest_route=%2Fwp%2Fv2%2Fmedia&parent=448"}],"curies":[{"name":"wp","href":"https:\/\/api.w.org\/{rel}","templated":true}]}}